t common divisor of 11631820 and 24820?
1460
What is the greatest common divisor of 226737189 and 9954?
4977
What is the greatest common divisor of 37012991 and 6481?
6481
What is the highest common factor of 93717 and 148772133?
7209
Calculate the highest common divisor of 3740260 and 4844.
692
What is the greatest common divisor of 2567446 and 350?
14
Calculate the highest common factor of 225055 and 56866810.
2185
What is the greatest common divisor of 120 and 14215935?
15
Calculate the highest common factor of 704 and 2489696.
352
What is the highest common divisor of 763122 and 11194?
386
What is the greatest common factor of 75 and 107265?
15
Calculate the greatest common factor of 140033 and 58483.
233
Calculate the greatest common divisor of 559666 and 7626350.
2402
What is the highest common factor of 6498584 and 10696?
1528
Calculate the highest common divisor of 421184 and 55616.
64
What is the greatest common factor of 4851 and 259412076?
4851
What is the highest common factor of 92421 and 1732671?
81
Calculate the highest common factor of 49780 and 39900.
380
Calculate the highest common factor of 324155748 and 1176.
84
Calculate the highest common divisor of 7064 and 1382778.
1766
What is the greatest common factor of 2710983 and 38533?
1243
What is the highest common divisor of 341868402 and 3026?
3026
What is the greatest common factor of 70 and 44329894?
14
What is the greatest common factor of 3217668 and 8880?
444
Calculate the greatest common divisor of 24 and 770393448.
24
What is the greatest common factor of 1627923 and 15?
3
What is the greatest common divisor of 72232032 and 15928?
1448
What is the highest common divisor of 5025 and 54141?
3
Calculate the highest common divisor of 142773109 and 11209.
1019
What is the highest common factor of 7324 and 10994?
2
Calculate the highest common factor of 51759876 and 28126.
4018
Calculate the highest common factor of 41658 and 245814.
318
Calculate the greatest common factor of 18 and 2605962.
6
Calculate the highest common factor of 17567235 and 38430.
315
What is the greatest common divisor of 466 and 22023626?
466
What is the greatest common divisor of 1188117 and 16191?
63
What is the highest common divisor of 2765 and 218995?
35
Calculate the highest common factor of 84 and 203125797.
21
What is the greatest common divisor of 342952 and 548984?
1304
Calculate the highest common factor of 6207196 and 3133.
241
What is the highest common divisor of 127699 and 65417?
209
What is the highest common divisor of 15128 and 123647?
61
Calculate the greatest common divisor of 48073390 and 40.
10
What is the greatest common factor of 9373 and 1985737?
1339
Calculate the greatest common factor of 53184 and 524638.
554
What is the highest common factor of 709448 and 232?
8
What is the greatest common factor of 13448 and 5729873?
41
What is the highest common divisor of 243859504 and 1648?
1648
What is the greatest common divisor of 98 and 7732?
2
Calculate the greatest common divisor of 7600 and 46160.
80
Calculate the greatest common divisor of 589655 and 1331.
11
What is the highest common divisor of 39272 and 7138?
2
What is the greatest common factor of 749379 and 2907?
57
Calculate the highest common factor of 6168 and 233382728.
2056
Calculate the highest common divisor of 8808 and 7054107.
1101
Calculate the greatest common divisor of 275 and 38056645.
55
Calculate the greatest common divisor of 3453224 and 58408.
1192
Calculate the greatest common divisor of 11838 and 73896742.
3946
What is the highest common divisor of 499158 and 1164042?
198
What is the greatest common divisor of 464 and 4689996?
116
Calculate the highest common divisor of 24170516 and 920.
92
What is the highest common divisor of 56135856 and 672?
336
Calculate the highest common factor of 13253 and 77227.
29
What is the highest common factor of 49 and 6156409?
49
Calculate the highest common divisor of 318282579 and 1077.
1077
Calculate the greatest common factor of 357392277 and 141.
141
Calculate the highest common divisor of 6249678 and 179376.
606
What is the highest common divisor of 7403880 and 1704?
1704
Calculate the greatest common divisor of 210474 and 11517.
33
What is the greatest common divisor of 5288 and 4056557?
661
Calculate the greatest common divisor of 22577766 and 166911.
4071
Calculate the greatest common divisor of 6070 and 6140.
10
Calculate the greatest common factor of 1729744652 and 692.
692
Calculate the highest common divisor of 9748893 and 517.
11
What is the greatest common factor of 502 and 84407786?
502
What is the highest common factor of 229330 and 1326067?
1349
What is the greatest common divisor of 14184 and 161146?
394
Calculate the greatest common divisor of 195362 and 18.
2
Calculate the highest common divisor of 202015 and 5522.
11
What is the highest common divisor of 81421792 and 128?
32
What is the highest common divisor of 4007016 and 1089?
9
Calculate the highest common factor of 9 and 13345911.
9
Calculate the highest common factor of 13 and 1015093157.
13
What is the highest common divisor of 182 and 10510474?
26
Calculate the highest common factor of 56244 and 6132558.
654
Calculate the greatest common divisor of 158385 and 16945.
5
What is the highest common divisor of 320 and 5464880?
80
What is the greatest common divisor of 3105281 and 52775?
2111
Calculate the highest common divisor of 253614855 and 5769.
1923
What is the greatest common divisor of 966050 and 45870?
1390
What is the greatest common factor of 1149462 and 147402?
342
What is the greatest common factor of 29808 and 28674?
162
What is the highest common factor of 12757801 and 46?
23
What is the greatest common divisor of 199018608 and 48?
48
What is the greatest common factor of 180 and 4993980?
60
What is the highest common divisor of 117 and 55679?
13
Calculate the highest common divisor of 2998850739 and 194.
97
What is the highest common factor of 1813189888 and 32?
32
Calculate the greatest common factor of 27722233 and 28567.
4081
Calculate the greatest common factor of 17504259 and 1772.
443
What is the highest common factor of 108 and 29473524?
108
Calculate the highest common divisor of 3093524 and 65212.
476
What is the highest common factor of 250 and 34539875?
125
What is the greatest common divisor of 27581211 and 122976?
3843
Calculate the highest common divisor of 7674339 and 7255.
1451
Calculate the highest common divisor of 1223416 and 29534858.
13298
Calculate the highest common factor of 403 and 8772163.
31
What is the highest common factor of 9 and 181080639?
9
What is the greatest common factor of 178534164 and 48?
12
What is the highest common divisor of 534765030 and 15?
15
Calculate the highest common divisor of 28 and 35978026.
14
Calculate the highest common factor of 30623 and 540103.
271
What is the highest common divisor of 42 and 2842518?
42
Calculate the greatest common factor of 11739 and 1665573.
273
What is the greatest common divisor of 1018 and 875211248?
1018
What is the highest common factor of 5 and 4126594?
1
Calculate the highest common divisor of 1730 and 302110.
10
What is the greatest common factor of 67363 and 155?
31
What is the greatest common divisor of 464992156 and 22730?
4546
What is the greatest common factor of 21141 and 58725?
2349
What is the highest common factor of 41715 and 78383?
103
What is the highest common factor of 9889 and 2624398?
31
Calculate the greatest common factor of 1706263 and 10023.
13
What is the greatest common factor of 6766975 and 100?
25
What is the greatest common factor of 2415 and 29697945?
345
Calculate the greatest common factor of 820 and 2296460.
20
Calculate the highest common divisor of 43956 and 162.
54
What is the greatest common factor of 409295 and 249065?
545
Calculate the greatest common divisor of 671752 and 2816.
8
Calculate the highest common divisor of 527064813 and 13122.
6561
Calculate the highest common divisor of 410067236 and 3336.
556
Calculate the greatest common factor of 56883190 and 8190.
910
Calculate the greatest common factor of 10 and 2298345.
5
Calculate the highest common divisor of 48748 and 21.
7
What is the highest common factor of 28498489 and 3651?
1217
What is the 